 i = 52 - g. What is the units digit of i?
8
Let s(w) = 5*w**2 - 7*w - 3. Let p = -36 - -34. What is the units digit of s(p)?
1
Let w be (11/3 + -3)*-3. What is the units digit of (-28)/3*15/w?
0
Let d(h) = 2*h**3 - 15*h**2 + 28*h - 23. What is the tens digit of d(11)?
3
What is the tens digit of 209*(67/11 - 6/66)?
5
Suppose 0 = -5*h + 460 + 1910. What is the hundreds digit of h?
4
Suppose 6 = 3*m + 3*j, -4 = -2*m - 3*j + 2*j. Let t be (m/(-6))/((-2)/(-6)). Let l = t - -4. What is the units digit of l?
3
Let u(n) = -n**2 + 5*n + 13. Let w be u(8). What is the hundreds digit of (-1 - (-4 - w))*-25?
2
Let p be -5 + 5 + 2 + 1. Suppose -p = 5*c - 28. Suppose -a = -3*y + 6 + 173, -3*y - c*a + 203 = 0. What is the units digit of y?
1
Suppose 0 = -3*x + 36 + 24. What is the tens digit of x?
2
Let f = 89 + -48. Let j(d) = -2*d - 10. Let k be j(8). Let m = k + f. What is the tens digit of m?
1
Let w = 68 + -63. Suppose -4*z + w*j - 92 = -565, 5*z + 2*j = 550. What is the hundreds digit of z?
1
Suppose -2*s + 0*t = -t - 6, s = -t - 3. Let j be (s - 2) + 28/4. What is the units digit of 2 + 2 - (j + -7)?
5
Let m(v) = -158*v + 915. What is the hundreds digit of m(-27)?
1
Let p(i) be the third derivative of -5/12*i**4 + 0*i - 1/3*i**3 - 6*i**2 + 0. What is the units digit of p(-3)?
8
Let c(p) = -p - 9. Let t be c(4). Let a = 18 + t. What is the units digit of (-1*4)/(-4)*a?
5
Let k(o) = o**3 + 6*o**2 + 5*o + 4. Let n be k(-5). Suppose -2*a - 135 = -5*q + 2*a, a + 119 = n*q. What is the units digit of q?
1
Let v(x) = -3*x + 3*x - 4*x + 2*x + 12. What is the units digit of v(5)?
2
What is the thousands digit of (-1252)/6*(-8 - (-11 + 9))?
1
Suppose -4*i = o + 111, -o - 120 = 5*i + 4*o. Let b = 126 - i. What is the tens digit of b?
5
Suppose 6*o + 169 = 1981. What is the units digit of o?
2
Let z(l) = -l**2 + 34*l + 40. What is the tens digit of z(32)?
0
Suppose 4*f + 3*g + 33 = 0, -f = -g - 2*g + 12. Let w be 46/(-253) - 774/(-22). Let d = w + f. What is the units digit of d?
6
Let o be 0 - (-3 - (-2)/2). Let q be (4/(-8))/((-1)/46). Suppose o*f + 1 = q. What is the units digit of f?
1
Let r = 756 + -456. Suppose 0*b = -5*b + r. What is the tens digit of b?
6
Let q(o) = o + 30. Let r(l) = 9*l + 89 - 3*l - 2*l. Let h(n) = 7*q(n) - 2*r(n). What is the tens digit of h(13)?
1
What is the thousands digit of 2*-68*(-93)/12?
1
Suppose 4*i - 6 - 2 = 0, 3*u + i = 152. Suppose -2*m + m = -u. What is the tens digit of m?
5
Suppose -14*z - 24 = -6*z. What is the units digit of (-1 - 1/z)/((-12)/1512)?
4
Suppose -m + 4 = m. Suppose -m = -5*w - 37. Let r(c) = -c**2 - 8*c + 3. What is the units digit of r(w)?
0
Let k = -1517 + 2883. What is the hundreds digit of k?
3
Suppose -1348 = -c + 4*n, c + 36*n - 1342 = 34*n. What is the tens digit of c?
4
Let i(g) be the third derivative of -g**6/120 + 2*g**5/15 - g**4/3 + 3*g**3/2 - 4*g**2. Let u be i(7). Suppose u*c + 8 = 78. What is the tens digit of c?
3
Let s be (-12)/(-3 - 45/(-12)). Let d be s/(-12)*(-3)/(-2). Suppose -4*c - o + 220 = -0*c, 4*c = d*o + 232. What is the tens digit of c?
5
Suppose -x - 10 = 2*i, 3*x - 5*i - 25 = 2*x. Suppose x = -2*w + 4*w. Suppose -4*a + 0*a + 28 = w. What is the units digit of a?
7
Let a(f) = -20*f + 4. Let h(v) = -101*v + 21. Let w(t) = 11*a(t) - 2*h(t). What is the units digit of w(-8)?
6
Suppose 4*o - 27 = 3*o. Let t = o - -13. What is the units digit of t?
0
Let u(z) = -z**3 - 14*z**2 + 16*z + 19. Let y be u(-15). Suppose 5*o - 2*p + 7*p = -60, 3*o - y*p = -36. What is the units digit of (-38)/57*2*o?
6
Let t(h) = -h**2 - 12*h - 11. Let w(u) = u**2 - u - 1. Let o(g) = -t(g) + 2*w(g). What is the tens digit of o(-6)?
5
Suppose 17*o - 20*o + 2185 = 5*b, 3*o = 3*b + 2217. What is the tens digit of o?
3
Let r be -1*(1 + 0 + 0). What is the units digit of (-3 + (1 - r))*(-43 + 1)?
2
Let g(j) = j**3 + 7*j**2 - j - 8. Let d be g(-7). What is the units digit of (8 - 10)*(d - 7)?
6
Let y = -72 + 115. Let o = -13 + y. What is the tens digit of o?
3
Suppose -3*b - 1 + 34 = 0. Suppose -b*k + 63 = -2*k. What is the units digit of 6*k/((-84)/(-32))?
6
Let i be 42/9 - 6/9. Suppose 0 = -i*s + 18 + 382. What is the tens digit of s?
0
Let m(p) = -p**2 - p + 2. Let l be m(-3). Let k(c) = -2*c**2 - c - 5. Let f be k(l). Let a = f + 69. What is the tens digit of a?
3
Let q(n) = 39*n + 204. What is the tens digit of q(34)?
3
Let r = 8 + 7. Let n = 19 - r. Suppose -19 = -3*w - n. What is the units digit of w?
5
Suppose -4*z + 2009 = -3079. What is the units digit of z?
2
Let o be (-10)/35 - (-88)/14. Suppose o*p - 45 - 27 = 0. What is the tens digit of p?
1
What is the units digit of 217 + -2 - (-3)/9*15?
0
Let t(n) = n**3 - 7*n**2 + 11*n - 25. Let h be t(6). Suppose 3*o = -5*k + 352, -h*o - 2*k + 606 = 51. What is the tens digit of o?
0
Suppose 62 = 4*c - 98. Let j = 15 + c. What is the units digit of j?
5
What is the units digit of ((-25)/2)/((-8)/48)?
5
Let r(z) = 139*z + 9. What is the hundreds digit of r(3)?
4
Let k = -71 - -169. What is the tens digit of k?
9
Let b be (1 - 3)*(-1 + 0). Suppose 10 = -3*l + 5*z, -b*l + 2*z - 5 = -l. Suppose 2*s = -4*r - 28 + 82, 0 = l*r. What is the tens digit of s?
2
Let o(b) = -b**3 + 8*b**2 - 5*b - 19. Let v be o(6). Let l = -7 + v. What is the units digit of l?
6
Suppose -48 = 3*h - y, -4*h + 0*y - 69 = -3*y. Let n be (130/h)/((-4)/6). Suppose -b + n = -16. What is the tens digit of b?
2
Let r be ((-3)/(-6))/((-1)/(-10)). Suppose -4*n + 31 = 5*f, -3*n + f + 15 = 2*f. Suppose -2*u + r*a = -4*u + 52, n*a = -u + 23. What is the tens digit of u?
3
Suppose 122 = -4*g - 3*n, -2 = -n - 0. Let j = g + 36. Suppose -j*w + 0*w + 3 = -5*t, -3*w - 3*t = -9. What is the units digit of w?
2
Suppose 7*w - 45 = -8*w. Suppose 422 = w*b - 541. What is the tens digit of b?
2
Let d be ((-96)/56)/((-3)/(42/4)). Suppose -6 = d*l - 210. What is the tens digit of l?
3
Let g = -7 + 17. What is the units digit of 5/(g/2 + -4)?
5
What is the units digit of ((-34)/(-68))/(1/1214)?
7
Let d(y) = -4*y**2 + 15*y + 30. Let v(z) = 17*z**2 - 60*z - 122. Let f(j) = -9*d(j) - 2*v(j). What is the units digit of f(9)?
1
Suppose 0 = -2*b + 13 - 5. Suppose b - 408 = -4*y. What is the units digit of y?
1
Suppose 4*h + 1452 = 2*v, 8*v = 9*v + 4*h - 708. What is the tens digit of v?
2
Let f = 0 + 4. Suppose 3*l - 8 = f*m, 5*m + 10 = -3*l - 0. Suppose 3*h - 2*y - 88 = l, 4*h + 22 - 116 = -2*y. What is the units digit of h?
6
Suppose -2*k + 0*k = 0. Suppose k*q = 5*q - 20. Suppose 81 = 3*l - 5*o + 2*o, -q*l - 2*o = -96. What is the units digit of l?
5
Let h(l) = 8*l**3 - 2*l + 1. Let d be h(1). Let g be (-2 + d)*(-16)/(-40). What is the units digit of (g - 9/6)*94?
7
Let w = -19 + 33. Suppose 39 = 2*o - 41. Let u = o - w. What is the units digit of u?
6
Suppose -673*i = -681*i + 7128. What is the hundreds digit of i?
8
Suppose -8*h = -916 - 452. What is the tens digit of h?
7
Suppose 2*n - 16 - 26 = 0. Suppose -l = -4*l - 27. What is the units digit of (-2 + -1)*n/l?
7
Let z(c) = 6*c**2 + 6*c - 34. What is the hundreds digit of z(8)?
3
Let p(c) = c**2 - 5*c + 3. Let d be p(2). Let b(x) = -x - 3. Let g be b(d). What is the units digit of (-1 + g)*7*-1?
7
Let b(p) = 8*p - 3. Suppose -a - 12 = 4*a + 4*f, 0 = -4*a - 3*f - 9. Suppose -12 = -a*z + 4*z - 5*y, -5*z + 22 = 3*y. What is the tens digit of b(z)?
1
Let t(s) be the first derivative of -3*s**2 + 5*s - 3. Let d(o) = -o - 9. Let q be d(-6). What is the tens digit of t(q)?
2
Let m be 37/6 + 2/(-12). Let z(s) = s - s + s**2 + 0*s**2 + m. What is the units digit of z(5)?
1
Let t(l) be the third derivative of -l**6/60 - l**5/15 - l**4/6 - l**3/3 - 11*l**2. Let m be t(-2). Suppose -m*v + 481 - 43 = 0. What is the tens digit of v?
7
What is the tens digit of 5/(-2)*(-460 + -6 - -6)?
5
Suppose 4*j = -3*k - 360, -288 = 5*j - 4*k + 193. Let o = j - -180. Suppose -5*d + 2*d = -o. What is the units digit of d?
9
Let v(t) = 13*t**2 - 12*t - 20. Let f(b) = 9*b**2 - 8*b - 13. Let g(a) = -7*f(a) + 5*v(a). Let m be g(10). Suppose -25 + m = 2*p. What is the units digit of p?
3
Let z(h) = h**2 + 9*h - 7. Let c(f) = f - 15. Let l be c(7). Let t be z(l). Let q = -11 - t. What is the units digit of q?
4
Suppose 12 = -3*b - 3. What is the tens digit of (b/(-2))/(20/200)?
2
Let n b